1
In base 11, what is -92 + -1a92?
-2074
In base 14, what is -12 + 804?
7d2
In base 13, what is 544 - -289?
800
In base 4, what is 1202 - -1202200?
1210002
In base 9, what is 1 + 755705?
755706
In base 9, what is 644 + 27?
672
In base 14, what is -710bd - -3?
-710ba
In base 4, what is -231310 - 0?
-231310
In base 4, what is -13231 - 213?
-20110
In base 8, what is -210 + -2305?
-2515
In base 9, what is 73411 - -2?
73413
In base 13, what is -30b18 + -4?
-30b1c
In base 8, what is -5 - -162360?
162353
In base 5, what is -203 + -2210?
-2413
In base 14, what is -13d + 4b0?
371
In base 7, what is 101243 - -2?
101245
In base 8, what is -51 + -74671?
-74742
In base 7, what is -41023524 + 0?
-41023524
In base 14, what is -1a14 + 27?
-19cb
In base 6, what is -14 + 54152?
54134
In base 7, what is 5 + -146010?
-146002
In base 8, what is 0 - -7225?
7225
In base 3, what is -1112012 - 1102?
-1120121
In base 4, what is -110213 + -1322?
-112201
In base 2, what is -10011001010 + 10100?
-10010110110
In base 5, what is -102 - 23104?
-23211
In base 9, what is 54 + -5731?
-5666
In base 3, what is -12010110201 + 10?
-12010110121
In base 14, what is -3 + 4abb?
4ab8
In base 16, what is -2 - -8fdaa?
8fda8
In base 15, what is 1d + -3c4?
-3a6
In base 6, what is -34 - 352?
-430
In base 4, what is -1232031 - 10?
-1232101
In base 14, what is -59c + 57?
-545
In base 14, what is -76ab - -27?
-7684
In base 13, what is -309 - -1a51?
1745
In base 11, what is 1447 + -a?
1438
In base 5, what is -3241002 + 1?
-3241001
In base 7, what is 5 - -232540?
232545
In base 9, what is -755776 - 0?
-755776
In base 6, what is -113 + -325344?
-325501
In base 6, what is -431 + -3020?
-3451
In base 4, what is 2331 - 1223331?
-1221000
In base 6, what is 50 + 1014?
1104
In base 9, what is 30433 - -24?
30457
In base 15, what is -1 + 158347?
158346
In base 13, what is -2278b8 + -3?
-2278bb
In base 12, what is 3 + 4b86?
4b89
In base 5, what is 1011333 + 22?
1011410
In base 3, what is 1112100122 + -12020?
1112011102
In base 4, what is -11032003201 + 3?
-11032003132
In base 13, what is 51573 - -1?
51574
In base 3, what is 10100012 - -201?
10100220
In base 12, what is 1 + 2965b?
29660
In base 13, what is -50a6 - -4?
-50a2
In base 14, what is 40b26 - -6?
40b2c
In base 7, what is -554 - -2555?
2001
In base 6, what is 4 - 22223?
-22215
In base 11, what is 382 - 1592?
-1210
In base 10, what is -52 - -56868?
56816
In base 9, what is 2 - 712160?
-712157
In base 2, what is 1000011000100 - -11010110?
1000110011010
In base 10, what is -310 + 292?
-18
In base 9, what is 5 - -5811?
5816
In base 15, what is 86 + 2d?
b4
In base 4, what is 232321313 + -22?
232321231
In base 10, what is -95 + -1202?
-1297
In base 6, what is 52 - 1?
51
In base 15, what is 5 + 3433?
3438
In base 8, what is -765612 + 0?
-765612
In base 15, what is 1 - -633a2?
633a3
In base 14, what is -b6 + -20c?
-2c4
In base 2, what is -1010 - 1011010111001100?
-1011010111010110
In base 2, what is 10101100000 + -11000110?
10010011010
In base 10, what is 6940 - 50?
6890
In base 2, what is -1 + -1110101110010?
-1110101110011
In base 4, what is -31 - -122300222?
122300131
In base 2, what is -110101110010011 + 0?
-110101110010011
In base 7, what is -121135 - 623?
-122061
In base 14, what is 5286 - -ab?
5353
In base 3, what is 1001000 - 22012?
201211
In base 4, what is 2012000 - 20?
2011320
In base 16, what is 4ddd - -3d?
4e1a
In base 14, what is -9 + -3a2dd?
-3a308
In base 6, what is 4 - -1135503?
1135511
In base 9, what is -3 + 111670?
111666
In base 15, what is -2 + be0e9?
be0e7
In base 12, what is 42b55 + -6?
42b4b
In base 12, what is 20675b - -3?
206762
In base 11, what is 156 - -1584?
172a
In base 4, what is 10 + 32311031?
32311101
In base 16, what is 3a + -3bf?
-385
In base 15, what is -489be - 19?
-489d8
In base 14, what is -3 + 4251?
424c
In base 5, what is -23 + -34310?
-34333
In base 3, what is 122 - -120202211020?
120202211212
In base 15, what is -208 + 8a?
-16d
In base 15, what is 2 - 1cda?
-1cd8
In base 16, what is -fd + 1c?
-e1
In base 14, what is -9 - 37bbc?
-37bc7
In base 11, what is 745309 - 0?
745309
In base 14, what is 8 - b7dd?
-b7d5
In base 10, what is 1756 - 22?
1734
In base 15, what is 53a3e3 + 3?
53a3e6
In base 5, what is 110303042 + -3?
110303034
In base 14, what is -5 - 7451?
-7456
In base 8, what is 135125 + -4?
135121
In base 2, what is 10011 + -11000101111010?
-11000101100111
In base 11, what is -684a3 - 3?
-684a6
In base 5, what is -10 + 313100?
313040
In base 11, what is -1061 + -183?
-1234
In base 6, what is -50 + -3004325?
-3004415
In base 6, what is 43442 - -1423?
45305
In base 11, what is 306004a - 0?
306004a
In base 11, what is -11 - -50113?
50102
In base 13, what is -3382 + -4?
-3386
In base 10, what is 384187 - 3?
384184
In base 7, what is 3 - -105465?
105501
In base 15, what is -e12 - -4?
-e0d
In base 12, what is -20b - 119?
-328
In base 14, what is 328 + 81?
3a9
In base 10, what is -327457 + 4?
-327453
In base 11, what is -60 + 2255?
21a5
In base 10, what is -84 - -1257?
1173
In base 4, what is -2033332 + 31?
-2033301
In base 2, what is 101000101010111 + 1110100?
101000111001011
In base 14, what is 127 - 7?
120
In base 14, what is 2aa - a9?
201
In base 9, what is -18 + -144316?
-144335
In base 5, what is 4 - -14434?
14443
In base 9, what is -338606 - 3?
-338610
In base 14, what is 2c + -1b24a?
-1b21c
In base 4, what is -1120021 + 1?
-1120020
In base 16, what is a14 - 16a?
8aa
In base 12, what is 228 - 296?
-6a
In base 12, what is -1760b1 + 5?
-1760a8
In base 4, what is -20111220 - -11?
-20111203
In base 6, what is 112 - -5031?
5143
In base 6, what is 5221315 - -1?
5221320
In base 4, what is 13132 - 3231?
3301
In base 5, what is 100423321 + 2?
100423323
In base 5, what is -1044020 - 10?
-1044030
In base 9, what is -2143 - 7?
-2151
In base 10, what is -667653 - -5?
-667648
In base 16, what is -13e29 + 0?
-13e29
In base 8, what is 0 - -30321?
30321
In base 10, what is -4 + -160160?
-160164
In base 11, what is -10a0 + a59?
-142
In base 8, what is -3 + 764451?
764446
In base 13, what is b + -2608?
-25ca
In base 11, what is 46 - 48a?
-444
In base 16, what is -2252e - 1c?
-2254a
In base 6, what is -15 - -34321?
34302
In base 14, what is -d5 - -1a4?
ad
In base 11, what is -5 + 4a33?
4a29
In base 7, what is 34 + -16?
15
In base 4, what is -303 - 11201?
-12110
In base 8, what is 1 - -1657?
1660
In base 8, what is 5 + 412035?
412042
In base 9, what is -128 - -2226?
2087
In base 16, what is -7a3c + -11?
-7a4d
In base 2, what is 1011 + 100011011000111?
100011011010010
In base 10, what is -6651 + -3?
-6654
In base 4, what is 231 - -1030?
1321
In base 8, what is 73 + 5?
100
In base 8, what is 1 - 524523?
-524522
In base 2, what is -110010101001111 + -101?
-110010101010100
In base 15, what is -2a7 + -bd?
-375
In base 5, what is 3010420 - 0?
3010420
In base 5, what is -13 + -132324340?
-132324403
In base 5, what is -2 - -32300?
32243
In base 14, what is -143 + -54b?
-690
In base 10, what is -7797 - 53?
-7850
In base 4, what is -10 - 121100213?
-121100223
In base 13, what is -11 - -bc034?
bc023
In base 9, what is -8 - 181658?
-181667
In base 11, what is -1 + 1412a?
14129
In base 4, what is -1013 + -32011?
-33030
In base 7, what is 0 - -24651?
24651
In base 7, what is -1210243 + -1?
-1210244
In base 15, what is -36 - -4e4c?
4e16
In base 16, what is -6dc - -68?
-674
In base 14, what is -15c - -35?
-127
In base 16, what is -4 + 7d2?
7ce
In base 9, what is 15517 - -2?
15520
In base 13, what is 9b5 + 131?
b16
In base 15, what is -1ad39 + -2?
-1ad3b
In base 15, what is c3 + 4b87?
4c5a
In base 11, what is 3 - 105811?
-105809
In base 12, what is 31 + -23b9?
-2388
In base 14, what is 1174 + c?
1182
In base 9, what is 688763 - -4?
688767
In base 2, what is 10 - 1010011110010010?
-1010011110010000
In base 14, what is -2 - -7a88?
7a86
In base 7, what is -2 - -40521?
40516
In base 10, what is -452 + -55?
-507
In base 14, what is 11 + 3d8?
409
In base 15, what is 5 + de7?
dec
In base 12, what is 2 + 1020b1?
1020b3
In base 8, what is -1775 - -236?
-1537
In base 8, what is 34 - 16505?
-16451
In base 7, what is 12 + 102605?
102620
In base 9, what is 4 - -2042?
2046
In base 9, what is -7 + 12021?
12013
In base 7, what is -12514003 - -4?
-12513666
In 